 by u?
16
Suppose 2*q - 4*g + 9 = 3*q, -q = g - 21. Calculate the remainder when q is divided by 1 + -1 + 9 + 13 + -8.
11
Let b(d) = d**3 + 7*d**2 + 2*d. Let l(v) = v**3 + 8*v**2 + 7*v + 2. Let a be l(-7). Suppose -6 = a*s + 6. Calculate the remainder when 46 is divided by b(s).
22
Suppose -5*g = z - 54 + 1, -99 = -3*z - 3*g. What is the remainder when z is divided by 16?
12
Suppose -r + 23 + 7 = 0. Let g = 2550 - 2461. Calculate the remainder when g is divided by r.
29
What is the remainder when (6/21 + 4030/350)*15 is divided by 23?
16
Let f = -14 - -18. Let o be (f - (-5)/(-2))*-6. Let a(k) = k**2 + 8*k + 12. Calculate the remainder when 40 is divided by a(o).
19
Suppose -92 = 3*p - 596. Suppose -8*q + 24 = -p. What is the remainder when q is divided by 7?
3
Suppose 8*j + 403 = 39*j. What is the remainder when 77 is divided by j?
12
Let b(g) = g**2 - 26*g - 72. What is the remainder when 108 is divided by b(29)?
3
Let g be 8/76 - 3228/(-19). Suppose -4*j = -3*s - 21 + g, -3*j + 105 = 2*s. What is the remainder when s is divided by 14?
9
Let d = -27 + 85. Suppose -2*t - d = -2*z, -4*z + 2*t = -3*t - 118. Calculate the remainder when z is divided by 7.
6
Suppose -4*s - 5849 = -5*k, -s - 7609 = -4*k - 2921. What is the remainder when k is divided by 14?
11
Let a(t) = -3*t + 83. Let n(c) = -c + 28. Let q(k) = -4*a(k) + 11*n(k). Let y be q(13). What is the remainder when 18/6 + (-1 - y) is divided by 6?
1
Let b(u) = u**2 + 7*u + 13. Let v be b(-5). Suppose 0 = v*g + 4*d - 97, 1 + 2 = 3*d. Calculate the remainder when g is divided by 10.
1
Let m = -399 + 569. What is the remainder when m is divided by 58?
54
What is the remainder when 12 is divided by (40/(-30))/((-1)/(8 - 2))?
4
Suppose -121*c = -128*c + 287. Calculate the remainder when c is divided by 11.
8
Suppose 4*d - 5*v + 249 = 0, -93 - 249 = 5*d + 4*v. Let o = d + 74. What is the remainder when 13 is divided by o?
5
Calculate the remainder when 272 is divided by (0 + (-2)/4)/(64/(-11648)).
90
Let t(a) = a**3 - 15*a**2 + 16*a - 14. What is the remainder when 26 is divided by t(14)?
12
Let g = 351 + -203. What is the remainder when g is divided by 25?
23
Suppose 25 + 129 = 11*m. Calculate the remainder when 39 is divided by m.
11
Let p = -283 - -314. Calculate the remainder when p is divided by 18.
13
Let p(x) = 2*x**2 - 16*x - 78. What is the remainder when p(-6) is divided by 78?
12
Suppose 104*c + 24 = 108*c. What is the remainder when 47 is divided by c?
5
Suppose 4*x = 5*b - 85 - 65, 3*b - 2*x - 88 = 0. Let q(y) = y**2 + 4*y - 7. Let n = 5 - 12. What is the remainder when b is divided by q(n)?
12
Let q be (-12)/(-54) + 104/18. Calculate the remainder when 101 is divided by q/(-9) + 65/3.
17
Suppose 3*m - 376 = -m. Let i = m + -51. Calculate the remainder when i is divided by 9.
7
Suppose -4*a = -1372 - 1032. What is the remainder when a is divided by 86?
85
Suppose 4 = 10*y - 8*y. Suppose 2*v - y = 28. Calculate the remainder when 29 is divided by v.
14
Suppose 0 = 4*a - 26 - 2. Suppose 0 = 3*k + b - 115, -k - 55 = -3*k - 5*b. Suppose a*w - k = 3*w. What is the remainder when 29 is divided by w?
9
Suppose 4*j + 33 = -w + 342, -j + 5*w + 51 = 0. What is the remainder when 299 is divided by j?
71
Suppose 20*d - 882 = -2. Calculate the remainder when 106 is divided by d.
18
Suppose 2183*q - 2175*q - 696 = 0. Calculate the remainder when q is divided by 34.
19
Suppose 3*x = -4*k + 1945, -649 = -x - 2*k - 0*k. Calculate the remainder when x is divided by 27.
26
Let r = 18 - 3. Suppose 4*d + 86 = 3*g, 0 = -d - 2*d - r. What is the remainder when g is divided by 12?
10
Let h(j) = 23*j + 85. Let k be h(-4). Let s = -6 - 8. Let l = k - s. What is the remainder when 39 is divided by l?
4
Suppose 43*g - 2792 = 35*g. Calculate the remainder when g is divided by 22.
19
Let k = -11056 + 11061. What is the remainder when 2/(-4) - 47/(-2) is divided by k?
3
Calculate the remainder when 277 is divided by -4 - 4/((-16)/212).
32
Suppose 2*c - 22 = -o, 45*c = 5*o + 50*c - 125. Calculate the remainder when 186 is divided by o.
18
Let d(m) = -2*m**2 - 9*m + 11. Let l(p) = -2*p**2 - 9*p + 12. Let g(o) = 3*d(o) - 4*l(o). What is the remainder when g(-8) is divided by 9?
5
Calculate the remainder when 55 is divided by 12/(-14)*2352/(-72).
27
Let j be -2 + 1 - 1 - (17 + -15). What is the remainder when (-2 + j + -101)*-1 is divided by 27?
26
Calculate the remainder when ((-142)/(-3))/(2 + (-80)/45) is divided by 36.
33
Let y(m) be the second derivative of -m**4/12 + m**3 - 2*m**2 + 11*m. Calculate the remainder when 5 is divided by y(5).
0
What is the remainder when 151 is divided by (17/1)/(18/54)?
49
Let j = -6 + 13. Suppose j*h = -0*h + 63. What is the remainder when 57/4 + 27/36 is divided by h?
6
Let t(v) = -v**2 + 32*v - 160. Calculate the remainder when 472 is divided by t(20).
72
Let o(h) = -h**3 - 7*h**2 - h - 3. Let l be o(-7). Suppose -4*i - 47 = -5*i + 5*f, 0 = -5*i - l*f + 148. What is the remainder when i is divided by 7?
4
Let u(i) = 4*i**2 - 2*i + 2. Let x(s) = 52*s**2 - 4*s - 3. What is the remainder when x(-1) is divided by u(2)?
11
What is the remainder when 50 is divided by 48/312 - (-126)/26?
0
Calculate the remainder when 300/(-14)*(-350)/75 is divided by 21.
16
Let t(d) = -4 - 11 - 10 + 8 + 5*d. Let k be t(4). Calculate the remainder when 19/(-2)*k*-2 is divided by 29.
28
Let h = -268 + 280. What is the remainder when 249 is divided by h?
9
Suppose 0*r - 3*r = 3. Let a(n) = -20*n**3 + n + 1. Let q(t) = -2*t**3 - 7*t**2 - 6*t - 1. Calculate the remainder when q(-4) is divided by a(r).
19
What is the remainder when 1114 is divided by 81/6*(-2)/15*-10?
16
Suppose 4*d = -7 + 23. Suppose -6*i = -16 + 4. Suppose 2*k - 44 = -i*k. Calculate the remainder when k is divided by d.
3
Suppose 5*u - 12 = u. Suppose 3*w - u*r = -186, -2*w + r = 2*w + 236. Let c = w + 86. Calculate the remainder when c is divided by 10.
8
Suppose 5*k + 3*d - 149 = 0, -3*k - 5*d = -22 - 61. Calculate the remainder when k is divided by (-18 + 1)*2/(-2).
14
Let d(n) = 4. Let k(h) = -h + 22. Let o(g) = -5*d(g) + k(g). Let r = 2 + -2. What is the remainder when 2 is divided by o(r)?
0
Suppose 3*h + 2*h - 55 = 0. Suppose -20*n = -409 - 211. What is the remainder when n is divided by h?
9
Suppose 437*g - 429*g - 536 = 0. Calculate the remainder when g is divided by 14.
11
Let a = -86 + 165. Let s = 20 - 0. Calculate the remainder when a is divided by s.
19
What is the remainder when 77 is divided by (10/(-4) + 2)/(100/(-2600))?
12
Suppose -3*q = -125 + 11. Suppose -t + 0*t = l + 14, 3*t - l + 46 = 0. Let j = t + 28. Calculate the remainder when q is divided by j.
12
Suppose 5*m - 3*v - 898 = -2*v, -10 = -5*v. What is the remainder when m is divided by 13?
11
Let n = 937 - 828. What is the remainder when n is divided by 10?
9
Let i be -10 - -2*(-12)/(-8). Let m = i + 23. What is the remainder when 47 is divided by m?
15
Suppose -u + 8*t - 9*t + 43 = 0, -49 = -u + 2*t. What is the remainder when u is divided by 7?
3
Let u be ((-20)/25)/((-3)/360). Suppose -3*o = 4*k - 75, 4*o - u = -k + 17. Calculate the remainder when 56 is divided by o.
27
Let v(r) = r**3 + 4*r**2 - 2*r + 9. Let z be (-1 + -1)/2 + 25. Let f = z - -26. Calculate the remainder when f is divided by v(-4).
16
Let y(i) = -i**3 - 7*i**2 - i - 1. Let w be y(-7). What is the remainder when (-177)/(-7) + 72/(-252) is divided by 87/w - 2/4?
11
Suppose -8*q = -5*q + 3*v - 51, 0 = -5*q + v + 61. Let w be 15*(0 - -3) - -1. Suppose 0 = -15*g + q*g + w. What is the remainder when g is divided by 9?
5
Let a = -432 + 459. What is the remainder when 161 is divided by a?
26
Let l = 561 + -510. Calculate the remainder when 150 is divided by l.
48
What is the remainder when 347 is divided by ((-32)/(-3))/(1/(-12)*-4)?
27
Suppose -3*r - 9 = -39. What is the remainder when 27 is divided by r?
7
Let n(x) = -x**2 + 17. Let v = -1691 - -1754. What is the remainder when v is divided by n(0)?
12
Suppose -k - 27 = -2*k. Suppose -k = -5*l + 13. Suppose -3*m - l + 32 = 0. Calculate the remainder when 31 is divided by m.
7
Let d = 277 + -262. Calculate the remainder when 149 is divided by d.
14
Let d(u) = -u - 1. Let l be 8/(-4)*1*4. Let y be d(l). Suppose -g - 53 = -3*t, 4*t - 4*g + y*